477 is divided by 239.
238
Calculate the remainder when 64 is divided by 55.
9
Calculate the remainder when 103 is divided by 26.
25
Calculate the remainder when 922 is divided by 11.
9
Calculate the remainder when 3391 is divided by 94.
7
Calculate the remainder when 2473 is divided by 55.
53
What is the remainder when 12540 is divided by 432?
12
What is the remainder when 442 is divided by 86?
12
What is the remainder when 1163 is divided by 22?
19
What is the remainder when 8830 is divided by 276?
274
Calculate the remainder when 41 is divided by 23.
18
Calculate the remainder when 1279 is divided by 637.
5
Calculate the remainder when 158 is divided by 18.
14
What is the remainder when 410 is divided by 136?
2
What is the remainder when 188 is divided by 36?
8
Calculate the remainder when 2164 is divided by 45.
4
Calculate the remainder when 2941 is divided by 38.
15
Calculate the remainder when 684 is divided by 115.
109
Calculate the remainder when 1815 is divided by 357.
30
Calculate the remainder when 564 is divided by 63.
60
Calculate the remainder when 1362 is divided by 338.
10
What is the remainder when 607 is divided by 130?
87
What is the remainder when 120 is divided by 48?
24
Calculate the remainder when 23 is divided by 18.
5
What is the remainder when 36 is divided by 12?
0
What is the remainder when 116 is divided by 104?
12
Calculate the remainder when 2614 is divided by 27.
22
What is the remainder when 139 is divided by 29?
23
What is the remainder when 900 is divided by 91?
81
Calculate the remainder when 84 is divided by 75.
9
What is the remainder when 99 is divided by 27?
18
Calculate the remainder when 256 is divided by 33.
25
Calculate the remainder when 71 is divided by 14.
1
What is the remainder when 266 is divided by 17?
11
What is the remainder when 186 is divided by 39?
30
What is the remainder when 527 is divided by 106?
103
What is the remainder when 71 is divided by 12?
11
What is the remainder when 96 is divided by 46?
4
Calculate the remainder when 722 is divided by 140.
22
What is the remainder when 162 is divided by 10?
2
Calculate the remainder when 622 is divided by 69.
1
Calculate the remainder when 140 is divided by 16.
12
Calculate the remainder when 437 is divided by 224.
213
What is the remainder when 1141 is divided by 1139?
2
Calculate the remainder when 1928 is divided by 56.
24
Calculate the remainder when 75 is divided by 10.
5
What is the remainder when 165 is divided by 11?
0
What is the remainder when 238 is divided by 34?
0
Calculate the remainder when 299 is divided by 135.
29
Calculate the remainder when 83 is divided by 17.
15
What is the remainder when 81383 is divided by 397?
395
What is the remainder when 2298 is divided by 13?
10
Calculate the remainder when 333 is divided by 116.
101
Calculate the remainder when 657 is divided by 12.
9
Calculate the remainder when 1714 is divided by 39.
37
Calculate the remainder when 88 is divided by 6.
4
What is the remainder when 387 is divided by 79?
71
Calculate the remainder when 160 is divided by 108.
52
Calculate the remainder when 7063 is divided by 62.
57
Calculate the remainder when 837 is divided by 42.
39
What is the remainder when 1534 is divided by 8?
6
Calculate the remainder when 5960 is divided by 314.
308
Calculate the remainder when 773 is divided by 133.
108
What is the remainder when 388 is divided by 39?
37
Calculate the remainder when 168 is divided by 19.
16
What is the remainder when 29 is divided by 6?
5
What is the remainder when 34 is divided by 4?
2
Calculate the remainder when 439 is divided by 34.
31
Calculate the remainder when 8058 is divided by 37.
29
What is the remainder when 213 is divided by 54?
51
Calculate the remainder when 1248 is divided by 66.
60
What is the remainder when 142 is divided by 8?
6
What is the remainder when 80 is divided by 25?
5
Calculate the remainder when 1507 is divided by 1.
0
Calculate the remainder when 544 is divided by 78.
76
What is the remainder when 464 is divided by 59?
51
What is the remainder when 574 is divided by 76?
42
Calculate the remainder when 5635 is divided by 188.
183
What is the remainder when 270 is divided by 69?
63
What is the remainder when 300 is divided by 101?
98
What is the remainder when 30926 is divided by 61?
60
Calculate the remainder when 414 is divided by 83.
82
Calculate the remainder when 609 is divided by 3.
0
Calculate the remainder when 159 is divided by 16.
15
What is the remainder when 46805 is divided by 21?
17
Calculate the remainder when 219 is divided by 46.
35
What is the remainder when 2509 is divided by 5?
4
Calculate the remainder when 10807 is divided by 3601.
4
What is the remainder when 618 is divided by 16?
10
What is the remainder when 873 is divided by 7?
5
What is the remainder when 2076 is divided by 77?
74
What is the remainder when 591 is divided by 263?
65
What is the remainder when 348 is divided by 71?
64
Calculate the remainder when 204 is divided by 181.
23
Calculate the remainder when 25 is divided by 3.
1
Calculate the remainder when 100366 is divided by 68.
66
What is the remainder when 596 is divided by 67?
60
What is the remainder when 107 is divided by 12?
11
What is the remainder when 999 is divided by 160?
39
What is the remainder when 1914 is divided by 148?
138
Calculate the remainder when 940 is divided by 41.
38
Calculate the remainder when 188 is divided by 183.
5
Calculate the remainder when 119 is divided by 68.
51
What is the remainder when 51 is divided by 6?
3
What is the remainder when 1644 is divided by 17?
12
Calculate the remainder when 120 is divided by 8.
0
Calculate the remainder when 980 is divided by 20.
0
Calculate the remainder when 897 is divided by 30.
27
Calculate the remainder when 205 is divided by 50.
5
What is the remainder when 1840 is divided by 458?
8
Calculate the remainder when 1099 is divided by 100.
99
What is the remainder when 184 is divided by 21?
16
What is the remainder when 280 is divided by 20?
0
What is the remainder when 249 is divided by 49?
4
What is the remainder when 2606 is divided by 864?
14
What is the remainder when 1389 is divided by 45?
39
Calculate the remainder when 427 is divided by 119.
70
Calculate the remainder when 1223 is divided by 36.
35
What is the remainder when 1305 is divided by 11?
7
Calculate the remainder when 2126 is divided by 4.
2
Calculate the remainder when 42 is divided by 10.
2
What is the remainder when 1033 is divided by 96?
73
Calculate the remainder when 258 is divided by 150.
108
What is the remainder when 657 is divided by 630?
27
What is the remainder when 447 is divided by 1?
0
Calculate the remainder when 309 is divided by 94.
27
Calculate the remainder when 229 is divided by 39.
34
What is the remainder when 666 is divided by 28?
22
Calculate the remainder when 1636 is divided by 39.
37
What is the remainder when 2641 is divided by 72?
49
What is the remainder when 2175 is divided by 103?
12
Calculate the remainder when 1840 is divided by 62.
42
Calculate the remainder when 1644 is divided by 35.
34
Calculate the remainder when 331 is divided by 28.
23
Calculate the remainder when 950 is divided by 35.
5
Calculate the remainder when 170 is divided by 66.
38
Calculate the remainder when 74 is divided by 53.
21
Calculate the remainder when 124 is divided by 33.
25
Calculate the remainder when 1275 is divided by 213.
210
Calculate the remainder when 1401 is divided by 134.
61
What is the remainder when 67 is divided by 31?
5
Calculate the remainder when 523 is divided by 6.
1
What is the remainder when 379 is divided by 189?
1
What is the remainder when 3336 is divided by 666?
6
What is the remainder when 1576 is divided by 1567?
9
Calculate the remainder when 257 is divided by 9.
5
Calculate the remainder when 643 is divided by 117.
58
What is the remainder when 136 is divided by 104?
32
Calculate the remainder when 2891 is divided by 1411.
69
Calculate the remainder when 489 is divided by 4.
1
What is the remainder when 1178 is divided by 66?
56
Calculate the remainder when 687 is divided by 10.
7
Calculate the remainder when 137 is divided by 65.
7
Calculate the remainder when 90 is divided by 33.
24
Calculate the remai